5*w. Suppose a + 0*a - 5*k - 27 = 0, d*k = -a - 13. List the prime factors of l(a).
2
Suppose 22*j - 12344 = 7346. List the prime factors of j.
5, 179
Let c(n) = 7*n**3 + 2*n**2 + 2*n - 4. Let p be c(1). Let d = 171 - p. What are the prime factors of d?
2, 41
Let p = 1637 - -2927. List the prime factors of p.
2, 7, 163
Let o be ((-10)/(-2))/((-5)/(-2)). Suppose -o*t = -4*t + 4. What are the prime factors of t/5 - 1827/(-45)?
41
Suppose 240 = 5*k - 8*k. Let w = k - -51. Let c = w + 39. List the prime factors of c.
2, 5
Let q be (-3 - 0) + 6*(1 - 0). Suppose -j = -q*j - 5*s + 58, -3*s = -4*j + 90. What are the prime factors of j?
2, 3
Let w be (-264)/32 + (-2)/(-8). List the prime factors of 30*2 - (-8 - w).
2, 3, 5
Suppose 3*v + 4*w + 357 - 2310 = 0, 0 = -5*v + w + 3255. List the prime factors of v.
3, 7, 31
Suppose -19*g = -21*g - 3*y + 1828, -5*y + 2742 = 3*g. What are the prime factors of g?
2, 457
Let z(s) = -9*s**2 - 2*s + 8. Let v(b) = 4*b**2 + b - 4. Let y(f) = 7*v(f) + 3*z(f). Let i be y(3). List the prime factors of i/(-36) - (-492)/27.
2, 3
Let q(j) = -4*j + 6 - 7*j + 5*j. What are the prime factors of q(-17)?
2, 3
Suppose 0 = 5*c - 5*w - 60, -3*c + 48 = c + 2*w. Suppose l - 6*l = -870. What are the prime factors of l/36 - (-2)/c?
5
Let n = 4 - 3. Let u(j) = 4*j**2. List the prime factors of u(n).
2
Suppose -3*o + 4 = a, -a - 20 = o - 6*a. Suppose 3*h - 8 - 61 = o. What are the prime factors of h?
23
What are the prime factors of -436*3/(-2)*10/15?
2, 109
Let r = 9 - 10. Let z be (r + 1)/(-4 - -2). Suppose i + 5*q - 46 = z, 0*i + q = 3*i - 58. What are the prime factors of i?
3, 7
Let p(c) = 8*c**3 + c**3 - 10*c**3 + 16*c + 9 - 11*c**2. Let q be p(-13). Let w = q + -79. What are the prime factors of w?
2, 3, 5
Suppose -2*s = 3*l - 849, -4*s = -2*l + 5*l - 1707. What are the prime factors of s?
3, 11, 13
Suppose -2*x - 3*x - 4*v = 85, 5*x - 3*v = -120. Let a = 129 - 164. Let w = x - a. What are the prime factors of w?
2, 7
Suppose 0 = 4*u - 5*p - 6080 - 7351, 5*u = -2*p + 16797. List the prime factors of u.
3359
Suppose 2*u + u + 111 = 0. Let a = -68 - -130. Let f = u + a. What are the prime factors of f?
5
Let i(d) = d + 5. Let u be (9/(-6))/(3/4). Let s be (1 - -15) + -2 + u. What are the prime factors of i(s)?
17
Suppose -43*r + 25408 = -35*r. What are the prime factors of r?
2, 397
Let j = 27 - 30. Let h(o) = -40*o + 11. List the prime factors of h(j).
131
Let v = -231 - -235. What are the prime factors of v?
2
Let l(m) = 14*m**2 + 7*m**2 - 6*m - 31*m**2 + 9 + 9*m**2. Let s be l(-7). Suppose x = -5*p + 160, s*p - 3*x - 90 = -9. List the prime factors of p.
3, 11
Let g(t) = 5*t - 3. Suppose -3*o = -3*y - 297, y + y + 213 = -o. Let f be (-1)/3 - y/24. What are the prime factors of g(f)?
17
What are the prime factors of 7 - 3/(-9)*-3 - -553?
13, 43
Suppose 221*r = 210*r + 2772. List the prime factors of r.
2, 3, 7
Suppose -7*u + 0*u + 7 = 0. List the prime factors of 116*(u/5)/(16/40).
2, 29
Let k(z) = -38*z**3 + 4*z**2 - 3*z - 3. Let t be k(3). List the prime factors of t/(-15)*5*1/2.
167
Let l(v) = 17*v - 3. Let z be l(3). Let q = z - 8. What are the prime factors of q?
2, 5
What are the prime factors of (448 - 23) + 9/((-36)/8)?
3, 47
Let r(k) = 55*k + 84. List the prime factors of r(13).
17, 47
Let d(u) = -11*u - 3. Let v be d(2). Let y = v + 33. Let r = y + 17. List the prime factors of r.
5
Let k = 52 + -37. Let v(t) = -t**2 + 16*t - 11. Let r be v(k). Suppose -r*s = -174 - 86. List the prime factors of s.
5, 13
Suppose -83 = -2*i + 5*a - 0*a, -2*i = -a - 79. What are the prime factors of i?
3, 13
Let x(q) = -8*q - 15. Let k be x(-8). Suppose 2*c - 130 = -2*f, -2*f - 4*c - k + 187 = 0. What are the prime factors of f?
61
Let w = 18 - -4. Let t be 3*(-1)/(-9)*3. Suppose -s = t - w. List the prime factors of s.
3, 7
Let z = 260 - -359. List the prime factors of z.
619
Suppose 126 + 34 = -5*q. List the prime factors of (-88)/q + (-3)/4.
2
Let t = 69 + -29. Suppose 84 = t*n - 38*n. List the prime factors of n.
2, 3, 7
Let q be (48/(-10))/((-2)/10). Suppose g - v - 20 = 0, 14 = 2*g - 3*v - q. Suppose g = 4*l - 2*l. What are the prime factors of l?
11
Let k = -21 + 31. Let r = k - -4. Let y = r + 15. What are the prime factors of y?
29
Suppose 5*x - 111 = 3*y - y, 0 = 3*y - 4*x + 184. Let k = y + 73. List the prime factors of k.
5
Let u(o) = -408*o - 48. What are the prime factors of u(-3)?
2, 3, 7
Suppose 4*c - 5 = 9*c. Let j = 1 + c. Suppose j = 2*v - v - 9. What are the prime factors of v?
3
Let g = 5 - -17. Suppose 2*d + g = 82. What are the prime factors of d?
2, 3, 5
Let x(r) = 11*r**2 + 4*r + 3. Let u be 2/4 + (-5)/2. Let n be x(u). Suppose 0 = -y + n + 1. What are the prime factors of y?
2, 5
Suppose 2*d - 3*f = 35, -2*d = -0*d - 5*f - 37. What are the prime factors of d?
2
Let q = 1395 - 1372. Let l(h) = -h**3 - 2*h**2 + 2*h + 3. Let x be l(-3). Let n = x + q. List the prime factors of n.
29
Suppose 2*o + 280 = 4*n, -n = 3*o - 0*n + 455. List the prime factors of (o/21)/((-1)/7).
2, 5
Suppose 23124 - 94844 = -55*j. List the prime factors of j.
2, 163
Suppose 0 = -3*u - 4*o + 17 + 19, -3*u + 27 = o. Suppose -665 = -3*g - u. List the prime factors of g.
3, 73
Suppose 6 = 2*w - 0*w. Suppose -154 + 46 = -36*j. Suppose 4 = -j*h - h, -y = 2*h - w. List the prime factors of y.
5
Suppose n = 3*b + 57, -18*n + b = -16*n - 119. List the prime factors of n.
2, 3, 5
Suppose 6*g - 3*o = 7*g - 1970, -3*g - 3*o = -5916. List the prime factors of g.
1973
Suppose 15*w - 9785 = 23050. What are the prime factors of w?
11, 199
Suppose -7*u + 2317 = -2191. List the prime factors of u.
2, 7, 23
Let m(w) = w**2 - 6*w + 2. Let u be (-7 - (-4 - 0)) + 9. Let z be m(u). Suppose 3*f + z*d = 49, 83 = 5*f - 4*d + 16. What are the prime factors of f?
3, 5
Let x be ((-6)/(-6))/(1/5). Suppose -4*y + x*n + 55 = 0, -2*y + 6*y - 105 = -5*n. Suppose -y + 0 = -4*p. List the prime factors of p.
5
Let u(x) = -16*x + 10. List the prime factors of u(-27).
2, 13, 17
List the prime factors of 259*(2 - -1)/3.
7, 37
Suppose 46*b = 44*b + 1620. What are the prime factors of b?
2, 3, 5
What are the prime factors of (-33)/44 + (-5409)/(-12)?
2, 3, 5
Let x(i) be the second derivative of -i**5/20 + 11*i**4/12 - 3*i**3/2 - 9*i**2/2 - 8*i. List the prime factors of x(9).
2, 3
Let s be (8 - 22)/(-1 + -1 - 0). Let h(j) = -j**2 + 22*j + 9. What are the prime factors of h(s)?
2, 3, 19
Let g(v) be the second derivative of 3*v**5/20 + v**4/12 - v**3/3 - v**2/2 + 28*v. List the prime factors of g(2).
23
Let f(j) = -j + 6. Let z = -10 - -13. Let t be f(z). What are the prime factors of t + (26 - -3) + -3?
29
Let i(k) = 47 - 48*k - 96 + 55. What are the prime factors of i(-4)?
2, 3, 11
Let p(i) = i**2 - 2*i - 8. Let c be p(6). Let o = 9 + c. Let w = 39 - o. List the prime factors of w.
2, 7
Let d(n) = -n**3 + 25*n**2 - 14*n + 95. List the prime factors of d(23).
3, 277
Let u = 49 + -45. Suppose 0 = -u*q + 4*n + 240 + 304, 3*n = -q + 144. What are the prime factors of q?
2, 3, 23
Suppose 5*t = -3*t + 4432. List the prime factors of t.
2, 277
Let i(k) = -4*k**2 + k - 1. Suppose -5 = -z + 4*q, -6*z - q + 4 = -z. Let g be i(z). What are the prime factors of -29*(-4)/(g + 8)?
29
Suppose -91 = 4*i + 25. Let a = -12 - i. What are the prime factors of a?
17
Suppose -3*t - 4*j + 833 = 0, 3*t + 16*j = 19*j + 861. List the prime factors of t.
283
Let v(a) = -3*a + 28. Let t(n) = -n - 1. Let b(j) = -4*t(j) + v(j). What are the prime factors of b(-12)?
2, 5
Let o be ((-625)/20 + -1)/(6/(-16)). Let b = o + 50. List the prime factors of b.
2, 17
Suppose -3*z = 2 + 4. Let k(b) = b**3 + 3*b**2 + b + 1. Let p be k(z). Suppose 3*i - 51 = -3*d - 2*d, p*d - 17 = 5*i. What are the prime factors of d?
3
What are the prime factors of 56/(-84) + (-16682)/(-3)?
2, 5, 139
Suppose 0 = 3*x + 2*x - 5*q - 10, 2*x + 3*q + 6 = 0. Suppose x = 7*n - 2*n - p - 14, -3*n = p - 2. What are the prime factors of n?
2
What are the prime factors of (-3510)/(-66) + 6/(-33)?
53
Let b = -65 - -70. Suppose k - b*k + 432 = 0. List the prime factors of k.
2, 3
Suppose 0 = -5*b - 31 + 26. List the prime factors of ((-605)/22)/(b/2).
5, 11
Let m = 892 + -889. Let u = 11 + -6. Suppose m*s - 49 = -u*b, 3*b - 3*s - 2*s - 43 = 0. What 